{"id":1206,"date":"2024-08-19T13:59:20","date_gmt":"2024-08-19T13:59:20","guid":{"rendered":"https:\/\/www.hdgroup.cl\/legal\/?post_type=team&#038;p=1206"},"modified":"2025-01-15T14:02:50","modified_gmt":"2025-01-15T17:02:50","slug":"juan-ignacio-marin","status":"publish","type":"team","link":"https:\/\/www.hdgroup.cl\/legal\/equipo\/juan-ignacio-marin\/","title":{"rendered":"Juan Ignacio Mar\u00edn"},"content":{"rendered":"<h2>TRAYECTORIA<\/h2>\n<p>Juan Ignacio posee conocimiento y experiencia en Derecho Regulatorio y Derecho Ambiental, brindando asesor\u00eda legal en asuntos relacionados con dichas \u00e1reas, incluyendo el desarrollo y operaci\u00f3n de proyectos, Derecho de la Energ\u00eda El\u00e9ctrica, Recursos Naturales, Derecho Ambiental e Ind\u00edgena. Tiene experiencia en concesiones el\u00e9ctricas, ingreso al Sistema de Evaluaci\u00f3n Ambiental, negociaci\u00f3n de contratos destinados al uso del suelo para la instalaci\u00f3n de proyectos de energ\u00eda y miner\u00eda, expropiaci\u00f3n, acciones de responsabilidad patrimonial y de control del Estado, contrataci\u00f3n administrativa, servidumbres el\u00e9ctricas y mineras, permisolog\u00eda, uso y aprovechamiento de bienes p\u00fablicos, relacionamiento con comunidades y due diligence de proyectos.<\/p>\n<p>Entre los a\u00f1os 2009 y 2014 se desempe\u00f1\u00f3 como abogado en el \u00e1rea de Litigios y Arbitrajes de Guerrero Olivos Novoa y Err\u00e1zuriz; luego, entre 2014 y 2018, se desempe\u00f1\u00f3 como abogado en el \u00e1rea de Litigios y Arbitrajes de Cubillos Evans, focalizando su pr\u00e1ctica en litigios, solicitudes y reclamaciones relacionadas al \u00e1rea de la Energ\u00eda, Recursos Naturales y Medio Ambiente, y en la direcci\u00f3n de due diligence de proyectos de energ\u00eda y el relacionamiento con comunidades. Posteriormente, fund\u00f3 la firma Mar\u00edn Abogados, continuando su asesor\u00eda en materias de Derecho Administrativo, Constitucional y Derecho Ambiental entre los a\u00f1os 2019 y 2024.<\/p>\n<p>Designado como juez \u00e1rbitro de la Corte de Apelaciones de Santiago durante los a\u00f1os 2025-2026.<\/p>\n<h2>FORMACI\u00d3N<\/h2>\n<ul>\n<li>Abogado con menci\u00f3n en Derecho del Medio Ambiente, Universidad de los Andes (2006).<\/li>\n<li>Diplomado en Derecho Administrativo Econ\u00f3mico, Pontificia Universidad Cat\u00f3lica de Chile (2012).<\/li>\n<\/ul>\n<p>&nbsp;<\/p>\n","protected":false},"featured_media":1376,"template":"","section":[38],"class_list":["post-1206","team","type-team","status-publish","has-post-thumbnail","hentry","section-director"],"acf":[],"lang":"es","translations":{"es":1206,"en":1205},"meta_box":{"member_sexo":"hombre","member_email":"jimarin@hdgroup.cl","member_telefono":"","member_cargo":"Director","cargo_esp":"Director"},"pll_sync_post":[],"_links":{"self":[{"href":"https:\/\/www.hdgroup.cl\/legal\/wp-json\/wp\/v2\/team\/1206","targetHints":{"allow":["GET"]}}],"collection":[{"href":"https:\/\/www.hdgroup.cl\/legal\/wp-json\/wp\/v2\/team"}],"about":[{"href":"https:\/\/www.hdgroup.cl\/legal\/wp-json\/wp\/v2\/types\/team"}],"wp:featuredmedia":[{"embeddable":true,"href":"https:\/\/www.hdgroup.cl\/legal\/wp-json\/wp\/v2\/media\/1376"}],"wp:attachment":[{"href":"https:\/\/www.hdgroup.cl\/legal\/wp-json\/wp\/v2\/media?parent=1206"}],"wp:term":[{"taxonomy":"section","embeddable":true,"href":"https:\/\/www.hdgroup.cl\/legal\/wp-json\/wp\/v2\/section?post=1206"}],"curies":[{"name":"wp","href":"https:\/\/api.w.org\/{rel}","templated":true}]}}

Juan Ignacio Marín

<h2>TRAYECTORIA</h2>
<p>Juan Ignacio posee conocimiento y experiencia en Derecho Regulatorio y Derecho Ambiental, brindando asesoría legal en asuntos relacionados con dichas áreas, incluyendo el desarrollo y operación de proyectos, Derecho de la Energía Eléctrica, Recursos Naturales, Derecho Ambiental e Indígena. Tiene experiencia en concesiones eléctricas, ingreso al Sistema de Evaluación Ambiental, negociación de contratos destinados al uso del suelo para la instalación de proyectos de energía y minería, expropiación, acciones de responsabilidad patrimonial y de control del Estado, contratación administrativa, servidumbres eléctricas y mineras, permisología, uso y aprovechamiento de bienes públicos, relacionamiento con comunidades y due diligence de proyectos.</p>
<p>Entre los años 2009 y 2014 se desempeñó como abogado en el área de Litigios y Arbitrajes de Guerrero Olivos Novoa y Errázuriz; luego, entre 2014 y 2018, se desempeñó como abogado en el área de Litigios y Arbitrajes de Cubillos Evans, focalizando su práctica en litigios, solicitudes y reclamaciones relacionadas al área de la Energía, Recursos Naturales y Medio Ambiente, y en la dirección de due diligence de proyectos de energía y el relacionamiento con comunidades. Posteriormente, fundó la firma Marín Abogados, continuando su asesoría en materias de Derecho Administrativo, Constitucional y Derecho Ambiental entre los años 2019 y 2024.</p>
<p>Designado como juez árbitro de la Corte de Apelaciones de Santiago durante los años 2025-2026.</p>
<h2>FORMACIÓN</h2>
<ul>
<li>Abogado con mención en Derecho del Medio Ambiente, Universidad de los Andes (2006).</li>
<li>Diplomado en Derecho Administrativo Económico, Pontificia Universidad Católica de Chile (2012).</li>
</ul>
<p>&nbsp;</p>
