{"id":328,"date":"2023-03-17T18:42:47","date_gmt":"2023-03-17T18:42:47","guid":{"rendered":"https:\/\/www.hdgroup.cl\/legal\/?page_id=328"},"modified":"2025-01-13T17:13:24","modified_gmt":"2025-01-13T20:13:24","slug":"reconocimientos","status":"publish","type":"page","link":"https:\/\/www.hdgroup.cl\/legal\/reconocimientos\/","title":{"rendered":"Reconocimientos"},"content":{"rendered":"\r\n<div class=\"wp-block-group alignfull\" style=\"padding: var(--wp--preset--spacing--50)\"><div class=\"wp-block-group__inner-container is-layout-constrained wp-container-core-group-is-layout-d399502e wp-block-group-is-layout-constrained\">\r\n<p class=\"enlace-linkedin\"><a href=\"https:\/\/www.linkedin.com\/company\/honorato-delaveau\/?originalSubdomain=cl\" target=\"_blank\" rel=\"noreferrer noopener\"><img loading=\"lazy\" decoding=\"async\" width=\"26\" height=\"26\" class=\"wp-image-433\" style=\"width: 26px\" src=\"https:\/\/www.hdgroup.cl\/legal\/wp-content\/uploads\/sites\/2\/2023\/03\/icono-linkedin.svg\" alt=\"\" \/><\/a>Nuestro orgullo<\/p>\r\n\r\n\r\n<h1 class=\"wp-block-post-title\">Reconocimientos<\/h1>\r\n\r\n\r\n<div class=\"wp-block-columns is-layout-flex wp-container-core-columns-is-layout-9d6595d7 wp-block-columns-is-layout-flex\">\r\n<div class=\"wp-block-column is-layout-flow wp-block-column-is-layout-flow\" style=\"flex-basis: 66.66%\">\r\n<h2 class=\"wp-block-heading fw-light\">Apuntamos nuestros esfuerzos a los rankings m\u00e1s prestigiosos, ya que -a trav\u00e9s de este feedback reflejo de la opini\u00f3n de nuestros clientes- podemos seguir innovando en la forma de hacer las cosas para satisfacer las necesidades de nuestros clientes en un mundo de negocios en permanente evoluci\u00f3n.<\/h2>\r\n\r\n\r\n\r\n<div class=\"wp-block-spacer\" style=\"height: 15px\" aria-hidden=\"true\">\u00a0<\/div>\r\n\r\n\r\n\r\n<p>Si bien hay sinn\u00famero de publicaciones a nivel mundial que rankean firmas legales y abogados, solo algunas de ellas realizan una investigaci\u00f3n acabada y prolija de los mercados, entregando informaci\u00f3n fidedigna y de utilidad tanto para clientes como para las firmas legales.<\/p>\r\n<\/div>\r\n\r\n\r\n\r\n<div class=\"wp-block-column is-layout-flow wp-block-column-is-layout-flow\" style=\"flex-basis: 33.33%\">\u00a0<\/div>\r\n<\/div>\r\n<\/div><\/div>\r\n\r\n\r\n\r\n<div class=\"wp-block-media-text alignfull is-stacked-on-mobile\">\r\n<figure class=\"wp-block-media-text__media\"><img loading=\"lazy\" decoding=\"async\" width=\"1024\" height=\"846\" class=\"wp-image-102 size-full\" src=\"https:\/\/www.hdgroup.cl\/legal\/wp-content\/uploads\/sites\/2\/2023\/03\/recognitions-v1-1024x846.png\" alt=\"\" srcset=\"https:\/\/www.hdgroup.cl\/legal\/wp-content\/uploads\/sites\/2\/2023\/03\/recognitions-v1-1024x846.png 1024w, https:\/\/www.hdgroup.cl\/legal\/wp-content\/uploads\/sites\/2\/2023\/03\/recognitions-v1-300x248.png 300w, https:\/\/www.hdgroup.cl\/legal\/wp-content\/uploads\/sites\/2\/2023\/03\/recognitions-v1-768x634.png 768w, https:\/\/www.hdgroup.cl\/legal\/wp-content\/uploads\/sites\/2\/2023\/03\/recognitions-v1.png 1276w\" sizes=\"auto, (max-width: 1024px) 100vw, 1024px\" \/><\/figure>\r\n<div class=\"wp-block-media-text__content\">\r\n<h4 class=\"wp-block-heading\">Rankings<\/h4>\r\n\r\n\r\n\r\n<div class=\"wp-block-pb-accordion-item c-accordion__item js-accordion-item no-js is-open\" data-initially-open=\"true\" data-click-to-close=\"true\" data-auto-close=\"true\" data-scroll=\"false\" data-scroll-offset=\"0\">\r\n<h2 id=\"at-3280\" class=\"c-accordion__title js-accordion-controller\" role=\"button\">CHAMBERS and partners<\/h2>\r\n<div id=\"ac-3280\" class=\"c-accordion__content\">\r\n<p>\u201cThe lawyers always respond rapidly, and we are very satisfied with their service\u201d.<\/p>\r\n\r\n\r\n\r\n<p><a href=\"https:\/\/chambers.com\/law-firm\/hd-legal-latin-america-9:22809457\" target=\"_blank\" rel=\"noreferrer noopener\">LINK A PUBLICACI\u00d3N<\/a><\/p>\r\n<\/div>\r\n<\/div>\r\n\r\n\r\n\r\n<div class=\"wp-block-pb-accordion-item c-accordion__item js-accordion-item no-js\" data-initially-open=\"false\" data-click-to-close=\"true\" data-auto-close=\"true\" data-scroll=\"false\" data-scroll-offset=\"0\">\r\n<h2 id=\"at-3281\" class=\"c-accordion__title js-accordion-controller\" role=\"button\">THE LEGAL 500<\/h2>\r\n<div id=\"ac-3281\" class=\"c-accordion__content\">\r\n<p>\u201cWhat sets the lawyers apart is both the high level of legal specialisation that they have, especially in matters involving stock markets. They also recognise and tune into the different commercial aspects of their clients, providing quality advice that is focused on the needs of clients\u2019 business\u201d.<\/p>\r\n\r\n\r\n\r\n<p><a href=\"https:\/\/www.legal500.com\/firms\/53435-hd-legal\/c-chile\/rankings\" target=\"_blank\" rel=\"noreferrer noopener\">LINK A PUBLICACI\u00d3N<\/a><\/p>\r\n<\/div>\r\n<\/div>\r\n\r\n\r\n\r\n<div class=\"wp-block-pb-accordion-item c-accordion__item js-accordion-item no-js\" data-initially-open=\"false\" data-click-to-close=\"true\" data-auto-close=\"true\" data-scroll=\"false\" data-scroll-offset=\"0\">\r\n<h2 id=\"at-3282\" class=\"c-accordion__title js-accordion-controller\" role=\"button\">IFLR 1000<\/h2>\r\n<div id=\"ac-3282\" class=\"c-accordion__content\">\r\n<p><a href=\"https:\/\/www.iflr1000.com\/Firm\/Honorato-Delaveau-Chile\/Profile\/16787#rankings\" target=\"_blank\" rel=\"noreferrer noopener\">LINK A PUBLICACI\u00d3N<\/a><\/p>\r\n<\/div>\r\n<\/div>\r\n\r\n\r\n\r\n<div class=\"wp-block-pb-accordion-item c-accordion__item js-accordion-item no-js\" data-initially-open=\"false\" data-click-to-close=\"true\" data-auto-close=\"true\" data-scroll=\"false\" data-scroll-offset=\"0\">\r\n<h2 id=\"at-3283\" class=\"c-accordion__title js-accordion-controller\" role=\"button\">LEADERS LEAGUE<\/h2>\r\n<div id=\"ac-3283\" class=\"c-accordion__content\">\r\n<p><a href=\"https:\/\/www.leadersleague.com\/es\/firm\/honorato-delaveau\/\" target=\"_blank\" rel=\"noreferrer noopener\">LINK A PUBLICACI\u00d3N<\/a><\/p>\r\n<\/div>\r\n<\/div>\r\n\r\n\r\n\r\n<div class=\"wp-block-pb-accordion-item c-accordion__item js-accordion-item no-js\" data-initially-open=\"false\" data-click-to-close=\"true\" data-auto-close=\"true\" data-scroll=\"false\" data-scroll-offset=\"0\">\r\n<h2 id=\"at-3284\" class=\"c-accordion__title js-accordion-controller\" role=\"button\">BEST LAWYERS<\/h2>\r\n<div id=\"ac-3284\" class=\"c-accordion__content\">\r\n<p><a href=\"https:\/\/www.bestlawyers.com\/\" target=\"_blank\" rel=\"noreferrer noopener\">LINK A PUBLICACI\u00d3N<\/a><\/p>\r\n<\/div>\r\n<\/div>\r\n\r\n\r\n\r\n<div class=\"wp-block-pb-accordion-item c-accordion__item js-accordion-item no-js\" data-initially-open=\"false\" data-click-to-close=\"true\" data-auto-close=\"true\" data-scroll=\"false\" data-scroll-offset=\"0\">\r\n<h2 id=\"at-3285\" class=\"c-accordion__title js-accordion-controller\" role=\"button\">LACCA<\/h2>\r\n<div id=\"ac-3285\" class=\"c-accordion__content\">\r\n<p><a href=\"https:\/\/latinlawyer.com\/rankings\/lacca-approved\" target=\"_blank\" rel=\"noreferrer noopener\">LINK A PUBLICACI\u00d3N<\/a><\/p>\r\n<\/div>\r\n<\/div>\r\n<\/div>\r\n<\/div>\r\n\r\n\r\n\r\n<div class=\"wp-block-group alignfull border-top border-bottom multiply\" style=\"padding: var(--wp--preset--spacing--50)\"><div class=\"wp-block-group__inner-container is-layout-constrained wp-container-core-group-is-layout-c65b5469 wp-block-group-is-layout-constrained\">\r\n<figure class=\"wp-block-gallery has-nested-images columns-7 wp-block-gallery-1 is-layout-flex wp-block-gallery-is-layout-flex\">\r\n<figure class=\"wp-block-image size-large\"><a href=\"https:\/\/www.legal500.com\/firms\/53435-hd-legal\/c-chile\/rankings\" target=\"_blank\" rel=\"noreferrer noopener\"><img loading=\"lazy\" decoding=\"async\" width=\"95\" height=\"86\" data-id=\"34\" class=\"wp-image-34\" src=\"https:\/\/www.hdgroup.cl\/legal\/wp-content\/uploads\/sites\/2\/2023\/03\/logo-legal-500_hd-legal.svg\" alt=\"\" \/><\/a><\/figure>\r\n\r\n\r\n\r\n<figure class=\"wp-block-image size-large\"><a href=\"https:\/\/chambers.com\/law-firm\/hd-legal-latin-america-9:22809457\" target=\"_blank\" rel=\"noreferrer noopener\"><img loading=\"lazy\" decoding=\"async\" width=\"138\" height=\"70\" data-id=\"30\" class=\"wp-image-30\" src=\"https:\/\/www.hdgroup.cl\/legal\/wp-content\/uploads\/sites\/2\/2023\/03\/logo-chambers_hd-legal.svg\" alt=\"\" \/><\/a><\/figure>\r\n\r\n\r\n\r\n<figure class=\"wp-block-image size-large\"><a href=\"https:\/\/www.iflr1000.com\/Firm\/Honorato-Delaveau-Chile\/Profile\/16787#rankings\" target=\"_blank\" rel=\"noreferrer noopener\"><img loading=\"lazy\" decoding=\"async\" width=\"129\" height=\"56\" data-id=\"31\" class=\"wp-image-31\" src=\"https:\/\/www.hdgroup.cl\/legal\/wp-content\/uploads\/sites\/2\/2023\/03\/logo-iflr_hd-legal.svg\" alt=\"\" \/><\/a><\/figure>\r\n\r\n\r\n\r\n<figure class=\"wp-block-image size-large\"><a href=\"https:\/\/www.idealis.cl\/leading-lawyers-2024\/\"><img loading=\"lazy\" decoding=\"async\" width=\"118\" height=\"78\" data-id=\"35\" class=\"wp-image-35\" src=\"https:\/\/www.hdgroup.cl\/legal\/wp-content\/uploads\/sites\/2\/2023\/03\/logo-lwc_hd-legal.svg\" alt=\"\" \/><\/a><\/figure>\r\n\r\n\r\n\r\n<figure class=\"wp-block-image size-large\"><a href=\"https:\/\/www.bestlawyers.com\/\" target=\"_blank\" rel=\"noreferrer noopener\"><img loading=\"lazy\" decoding=\"async\" width=\"165\" height=\"32\" data-id=\"29\" class=\"wp-image-29\" src=\"https:\/\/www.hdgroup.cl\/legal\/wp-content\/uploads\/sites\/2\/2023\/03\/logo-best-lawyers_hd-legal.svg\" alt=\"\" \/><\/a><\/figure>\r\n\r\n\r\n\r\n<figure class=\"wp-block-image size-large\"><a href=\"https:\/\/latinlawyer.com\/rankings\/lacca-approved\" target=\"_blank\" rel=\"noreferrer noopener\"><img loading=\"lazy\" decoding=\"async\" width=\"167\" height=\"32\" data-id=\"32\" class=\"wp-image-32\" src=\"https:\/\/www.hdgroup.cl\/legal\/wp-content\/uploads\/sites\/2\/2023\/03\/logo-lacca_hd-legal.svg\" alt=\"\" \/><\/a><\/figure>\r\n\r\n\r\n\r\n<figure class=\"wp-block-image size-large\"><a href=\"https:\/\/www.leadersleague.com\/es\/firm\/honorato-delaveau\/\" target=\"_blank\" rel=\"noreferrer noopener\"><img loading=\"lazy\" decoding=\"async\" data-id=\"33\" class=\"wp-image-33\" src=\"https:\/\/www.hdgroup.cl\/legal\/wp-content\/uploads\/sites\/2\/2023\/03\/logo-leader_hd-legal.svg\" alt=\"\" width=\"161\" height=\"31\" \/><\/a><\/figure>\r\n<\/figure>\r\n<\/div><\/div>\r\n","protected":false},"excerpt":{"rendered":"<p>Nuestro orgullo Apuntamos nuestros esfuerzos a los rankings m\u00e1s prestigiosos, ya que -a trav\u00e9s de este feedback reflejo de la opini\u00f3n de nuestros clientes- podemos seguir innovando en la forma de hacer las cosas para satisfacer las necesidades de nuestros clientes en un mundo de negocios en permanente evoluci\u00f3n. Si bien hay sinn\u00famero de publicaciones<\/p>\n","protected":false},"author":1,"featured_media":0,"parent":0,"menu_order":8,"comment_status":"closed","ping_status":"closed","template":"","meta":{"_acf_changed":false,"footnotes":""},"class_list":["post-328","page","type-page","status-publish","hentry"],"acf":[],"lang":"es","translations":{"es":328,"en":14},"meta_box":{"general_bg-color":"#b1b8c6"},"pll_sync_post":[],"_links":{"self":[{"href":"https:\/\/www.hdgroup.cl\/legal\/wp-json\/wp\/v2\/pages\/328","targetHints":{"allow":["GET"]}}],"collection":[{"href":"https:\/\/www.hdgroup.cl\/legal\/wp-json\/wp\/v2\/pages"}],"about":[{"href":"https:\/\/www.hdgroup.cl\/legal\/wp-json\/wp\/v2\/types\/page"}],"author":[{"embeddable":true,"href":"https:\/\/www.hdgroup.cl\/legal\/wp-json\/wp\/v2\/users\/1"}],"replies":[{"embeddable":true,"href":"https:\/\/www.hdgroup.cl\/legal\/wp-json\/wp\/v2\/comments?post=328"}],"version-history":[{"count":0,"href":"https:\/\/www.hdgroup.cl\/legal\/wp-json\/wp\/v2\/pages\/328\/revisions"}],"wp:attachment":[{"href":"https:\/\/www.hdgroup.cl\/legal\/wp-json\/wp\/v2\/media?parent=328"}],"curies":[{"name":"wp","href":"https:\/\/api.w.org\/{rel}","templated":true}]}}