{"id":16,"date":"2023-03-17T18:43:39","date_gmt":"2023-03-17T18:43:39","guid":{"rendered":"https:\/\/www.hdgroup.cl\/legal\/?page_id=16"},"modified":"2023-03-29T19:18:34","modified_gmt":"2023-03-29T19:18:34","slug":"news","status":"publish","type":"page","link":"https:\/\/www.hdgroup.cl\/legal\/en\/news\/","title":{"rendered":"News"},"content":{"rendered":"\n<div class=\"wp-block-group alignfull\" style=\"padding-top:var(--wp--preset--spacing--50);padding-right:var(--wp--preset--spacing--50);padding-bottom:var(--wp--preset--spacing--50);padding-left:var(--wp--preset--spacing--50)\"><div class=\"wp-block-group__inner-container is-layout-constrained wp-container-core-group-is-layout-d399502e wp-block-group-is-layout-constrained\">\n<p class=\"enlace-linkedin\"><a rel=\"noreferrer noopener\" href=\"https:\/\/www.linkedin.com\/company\/honorato-delaveau\/?originalSubdomain=cl\" target=\"_blank\"><img loading=\"lazy\" decoding=\"async\" width=\"26\" height=\"26\" class=\"wp-image-433\" style=\"width: 26px;\" src=\"https:\/\/www.hdgroup.cl\/legal\/wp-content\/uploads\/sites\/2\/2023\/03\/icono-linkedin.svg\" alt=\"\"><\/a>Our proud<\/p>\n\n\n<h1 class=\"wp-block-post-title\">News<\/h1>\n\n\n<div class=\"wp-block-columns is-layout-flex wp-container-core-columns-is-layout-9d6595d7 wp-block-columns-is-layout-flex\">\n<div class=\"wp-block-column is-layout-flow wp-block-column-is-layout-flow\" style=\"flex-basis:66.66%\"><\/div>\n\n\n\n<div class=\"wp-block-column is-layout-flow wp-block-column-is-layout-flow\" style=\"flex-basis:33.33%\"><\/div>\n<\/div>\n\n\n\n\n<div class=\"grilla-posts-wrapper\">\n    <div id=\"grilla-posts-mb-block-1859b8db-982a-4ba7-96c9-b6ef6908eea7\" class=\"grilla-posts  text-white\">\n            <ul id=\"grilla-posts\" class=\"list-unstyled pl-0\">\n                    <li class=\"item-post post-2196 post type-post status-publish format-standard hentry category-going-on\">\n    <a  href=\"https:\/\/www.hdgroup.cl\/legal\/en\/blog\/2025\/10\/23\/prensa-nuestro-director-carlos-frias-es-entrevistado-por-el-diario-financiero\/\">\n        <div class=\"post-meta\">\n            <span class=\"d-block categoria text-uppercase\">\n                Going on!            <\/span>\n                        <span class=\"d-block fecha\">octubre 23rd 2025<\/span>\n                    <\/div>\n        <h2>Prensa | Nuestro director Carlos Fr\u00edas es entrevistado por el Diario Financiero<\/h2>\n        <p>Nuestro director, Carlos Fr\u00edas Tapia, fue entrevistado por el Diario Financiero respecto a la Ley 21.563 y a las brechas que limitan su rol en la continuidad de las mypes. \u00abEstas reformas permiten que las mypes se acojan a procedimientos de reorganizaci\u00f3n y\/o liquidaci\u00f3n voluntaria que -en teor\u00eda- facilitan o simplifican el proceso de aprobaci\u00f3n<\/p>\n        \n    <\/a>\n<\/li>                    <li class=\"item-post post-2194 post type-post status-publish format-standard hentry category-going-on\">\n    <a  href=\"https:\/\/www.hdgroup.cl\/legal\/blog\/2025\/10\/23\/prensa-nuestro-director-carlos-frias-es-entrevistado-por-el-diario-financiero\/\">\n        <div class=\"post-meta\">\n            <span class=\"d-block categoria text-uppercase\">\n                Going on!            <\/span>\n                        <span class=\"d-block fecha\">octubre 23rd 2025<\/span>\n                    <\/div>\n        <h2>Prensa | Nuestro director Carlos Fr\u00edas es entrevistado por el Diario Financiero<\/h2>\n        <p>Nuestro director, Carlos Fr\u00edas Tapia, fue entrevistado por el Diario Financiero respecto a la Ley 21.563 y a las brechas que limitan su rol en la continuidad de las mypes. \u00abEstas reformas permiten que las mypes se acojan a procedimientos de reorganizaci\u00f3n y\/o liquidaci\u00f3n voluntaria que -en teor\u00eda- facilitan o simplifican el proceso de aprobaci\u00f3n<\/p>\n        \n    <\/a>\n<\/li>                    <li class=\"item-post post-2191 post type-post status-publish format-standard hentry category-going-on\">\n    <a  href=\"https:\/\/www.hdgroup.cl\/legal\/en\/blog\/2025\/10\/22\/reconocimiento-hd-nuevamente-es-reconocido-en-el-destacado-ranking-legal-500\/\">\n        <div class=\"post-meta\">\n            <span class=\"d-block categoria text-uppercase\">\n                Going on!            <\/span>\n                        <span class=\"d-block fecha\">octubre 22nd 2025<\/span>\n                    <\/div>\n        <h2>Reconocimiento | HD nuevamente es reconocido en el destacado ranking Legal 500<\/h2>\n        <p>Nos llena de orgulllo anunciar que nuestro estudio ha sido nuevamente reconocido en el detacado ranking internacional Legal 500, tanto a nivel de firma como individual, destacando el trabajo de nuestros abogados en diversas \u00e1reas de pr\u00e1ctica. Estos reconocimientos reflejan nuestro compromiso con la excelencia, la calidad t\u00e9cnica y el servicio de alto nivel que<\/p>\n        \n    <\/a>\n<\/li>                    <li class=\"item-post post-2188 post type-post status-publish format-standard hentry category-going-on\">\n    <a  href=\"https:\/\/www.hdgroup.cl\/legal\/blog\/2025\/10\/22\/reconocimiento-hd-nuevamente-es-reconocido-en-el-destacado-ranking-legal-500\/\">\n        <div class=\"post-meta\">\n            <span class=\"d-block categoria text-uppercase\">\n                Going on!            <\/span>\n                        <span class=\"d-block fecha\">octubre 22nd 2025<\/span>\n                    <\/div>\n        <h2>Reconocimiento | HD nuevamente es reconocido en el destacado ranking Legal 500<\/h2>\n        <p>Nos llena de orgulllo anunciar que nuestro estudio ha sido nuevamente reconocido en el detacado ranking internacional Legal 500, tanto a nivel de firma como individual, destacando el trabajo de nuestros abogados en diversas \u00e1reas de pr\u00e1ctica. Estos reconocimientos reflejan nuestro compromiso con la excelencia, la calidad t\u00e9cnica y el servicio de alto nivel que<\/p>\n        \n    <\/a>\n<\/li>                    <li class=\"item-post post-2174 post type-post status-publish format-standard hentry category-going-on\">\n    <a  href=\"https:\/\/www.hdgroup.cl\/legal\/en\/blog\/2025\/10\/16\/articulo-nuestro-director-juan-pablo-gonzalez-escribe-para-eu-cybernet\/\">\n        <div class=\"post-meta\">\n            <span class=\"d-block categoria text-uppercase\">\n                Going on!            <\/span>\n                        <span class=\"d-block fecha\">octubre 16th 2025<\/span>\n                    <\/div>\n        <h2>Art\u00edculo | Nuestro director Juan Pablo Gonz\u00e1lez escribe para EU CyberNet<\/h2>\n        <p>Nuestro director de Protecci\u00f3n de Datos Personales, Ciberseguridad y Nuevas Tecnolog\u00edas, Juan Pablo Gonz\u00e1lez, escribe este nuevo art\u00edculo de opini\u00f3n para EU CyberNet, donde se refiere a los avances del marco regulatorio de ciberseguridad en Am\u00e9rica Latina. En el texto, nuestro director analiza el avance del marco regulatorio de ciberseguridad en Am\u00e9rica Latina y los<\/p>\n        \n    <\/a>\n<\/li>                    <li class=\"item-post post-2176 post type-post status-publish format-standard hentry category-going-on\">\n    <a  href=\"https:\/\/www.hdgroup.cl\/legal\/blog\/2025\/10\/16\/articulo-nuestro-director-juan-pablo-gonzalez-escribe-para-eu-cybernet\/\">\n        <div class=\"post-meta\">\n            <span class=\"d-block categoria text-uppercase\">\n                Going on!            <\/span>\n                        <span class=\"d-block fecha\">octubre 16th 2025<\/span>\n                    <\/div>\n        <h2>Art\u00edculo | Nuestro director Juan Pablo Gonz\u00e1lez escribe para EU CyberNet<\/h2>\n        <p>Nuestro director de Protecci\u00f3n de Datos Personales, Ciberseguridad y Nuevas Tecnolog\u00edas, Juan Pablo Gonz\u00e1lez, escribe este nuevo art\u00edculo de opini\u00f3n para EU CyberNet, donde se refiere a los avances del marco regulatorio de ciberseguridad en Am\u00e9rica Latina. En el texto, nuestro director analiza el avance del marco regulatorio de ciberseguridad en Am\u00e9rica Latina y los<\/p>\n        \n    <\/a>\n<\/li>                <\/ul>\n                    <\/div>\n        <div class=\"d-flex justify-content-center\">\n        <a id=\"load-more\" href=\"#\">Load more<\/a>\n    <\/div>\n        \n<\/div><\/div><\/div>\n","protected":false},"excerpt":{"rendered":"<p>Our proud<\/p>\n","protected":false},"author":1,"featured_media":0,"parent":0,"menu_order":9,"comment_status":"closed","ping_status":"closed","template":"page-news.php","meta":{"_acf_changed":false,"footnotes":""},"class_list":["post-16","page","type-page","status-publish","hentry"],"acf":[],"lang":"en","translations":{"en":16,"es":330},"meta_box":{"general_bg-color":""},"pll_sync_post":[],"_links":{"self":[{"href":"https:\/\/www.hdgroup.cl\/legal\/wp-json\/wp\/v2\/pages\/16","targetHints":{"allow":["GET"]}}],"collection":[{"href":"https:\/\/www.hdgroup.cl\/legal\/wp-json\/wp\/v2\/pages"}],"about":[{"href":"https:\/\/www.hdgroup.cl\/legal\/wp-json\/wp\/v2\/types\/page"}],"author":[{"embeddable":true,"href":"https:\/\/www.hdgroup.cl\/legal\/wp-json\/wp\/v2\/users\/1"}],"replies":[{"embeddable":true,"href":"https:\/\/www.hdgroup.cl\/legal\/wp-json\/wp\/v2\/comments?post=16"}],"version-history":[{"count":0,"href":"https:\/\/www.hdgroup.cl\/legal\/wp-json\/wp\/v2\/pages\/16\/revisions"}],"wp:attachment":[{"href":"https:\/\/www.hdgroup.cl\/legal\/wp-json\/wp\/v2\/media?parent=16"}],"curies":[{"name":"wp","href":"https:\/\/api.w.org\/{rel}","templated":true}]}}

<div class="wp-block-group alignfull" style="padding-top:var(--wp--preset--spacing--50);padding-right:var(--wp--preset--spacing--50);padding-bottom:var(--wp--preset--spacing--50);padding-left:var(--wp--preset--spacing--50)"><div class="wp-block-group__inner-container is-layout-constrained wp-container-core-group-is-layout-d399502e wp-block-group-is-layout-constrained">
<p class="enlace-linkedin"><a rel="noreferrer noopener" href="https://www.linkedin.com/company/honorato-delaveau/?originalSubdomain=cl" target="_blank"><img loading="lazy" decoding="async" width="26" height="26" class="wp-image-433" style="width: 26px;" src="https://www.hdgroup.cl/legal/wp-content/uploads/sites/2/2023/03/icono-linkedin.svg" alt=""></a>Our proud</p>


<h1 class="wp-block-post-title">News</h1>


<div class="wp-block-columns is-layout-flex wp-container-core-columns-is-layout-9d6595d7 wp-block-columns-is-layout-flex">
<div class="wp-block-column is-layout-flow wp-block-column-is-layout-flow" style="flex-basis:66.66%"></div>



<div class="wp-block-column is-layout-flow wp-block-column-is-layout-flow" style="flex-basis:33.33%"></div>
</div>




<div class="grilla-posts-wrapper">
    <div id="grilla-posts-mb-block-1859b8db-982a-4ba7-96c9-b6ef6908eea7" class="grilla-posts  text-white">
            <ul id="grilla-posts" class="list-unstyled pl-0">
                    <li class="item-post post-2196 post type-post status-publish format-standard hentry category-going-on">
    <a  href="https://www.hdgroup.cl/legal/en/blog/2025/10/23/prensa-nuestro-director-carlos-frias-es-entrevistado-por-el-diario-financiero/">
        <div class="post-meta">
            <span class="d-block categoria text-uppercase">
                Going on!            </span>
                        <span class="d-block fecha">octubre 23rd 2025</span>
                    </div>
        <h2>Prensa | Nuestro director Carlos Frías es entrevistado por el Diario Financiero</h2>
        <p>Nuestro director, Carlos Frías Tapia, fue entrevistado por el Diario Financiero respecto a la Ley 21.563 y a las brechas que limitan su rol en la continuidad de las mypes. «Estas reformas permiten que las mypes se acojan a procedimientos de reorganización y/o liquidación voluntaria que -en teoría- facilitan o simplifican el proceso de aprobación</p>
        
    </a>
</li>                    <li class="item-post post-2194 post type-post status-publish format-standard hentry category-going-on">
    <a  href="https://www.hdgroup.cl/legal/blog/2025/10/23/prensa-nuestro-director-carlos-frias-es-entrevistado-por-el-diario-financiero/">
        <div class="post-meta">
            <span class="d-block categoria text-uppercase">
                Going on!            </span>
                        <span class="d-block fecha">octubre 23rd 2025</span>
                    </div>
        <h2>Prensa | Nuestro director Carlos Frías es entrevistado por el Diario Financiero</h2>
        <p>Nuestro director, Carlos Frías Tapia, fue entrevistado por el Diario Financiero respecto a la Ley 21.563 y a las brechas que limitan su rol en la continuidad de las mypes. «Estas reformas permiten que las mypes se acojan a procedimientos de reorganización y/o liquidación voluntaria que -en teoría- facilitan o simplifican el proceso de aprobación</p>
        
    </a>
</li>                    <li class="item-post post-2191 post type-post status-publish format-standard hentry category-going-on">
    <a  href="https://www.hdgroup.cl/legal/en/blog/2025/10/22/reconocimiento-hd-nuevamente-es-reconocido-en-el-destacado-ranking-legal-500/">
        <div class="post-meta">
            <span class="d-block categoria text-uppercase">
                Going on!            </span>
                        <span class="d-block fecha">octubre 22nd 2025</span>
                    </div>
        <h2>Reconocimiento | HD nuevamente es reconocido en el destacado ranking Legal 500</h2>
        <p>Nos llena de orgulllo anunciar que nuestro estudio ha sido nuevamente reconocido en el detacado ranking internacional Legal 500, tanto a nivel de firma como individual, destacando el trabajo de nuestros abogados en diversas áreas de práctica. Estos reconocimientos reflejan nuestro compromiso con la excelencia, la calidad técnica y el servicio de alto nivel que</p>
        
    </a>
</li>                    <li class="item-post post-2188 post type-post status-publish format-standard hentry category-going-on">
    <a  href="https://www.hdgroup.cl/legal/blog/2025/10/22/reconocimiento-hd-nuevamente-es-reconocido-en-el-destacado-ranking-legal-500/">
        <div class="post-meta">
            <span class="d-block categoria text-uppercase">
                Going on!            </span>
                        <span class="d-block fecha">octubre 22nd 2025</span>
                    </div>
        <h2>Reconocimiento | HD nuevamente es reconocido en el destacado ranking Legal 500</h2>
        <p>Nos llena de orgulllo anunciar que nuestro estudio ha sido nuevamente reconocido en el detacado ranking internacional Legal 500, tanto a nivel de firma como individual, destacando el trabajo de nuestros abogados en diversas áreas de práctica. Estos reconocimientos reflejan nuestro compromiso con la excelencia, la calidad técnica y el servicio de alto nivel que</p>
        
    </a>
</li>                    <li class="item-post post-2174 post type-post status-publish format-standard hentry category-going-on">
    <a  href="https://www.hdgroup.cl/legal/en/blog/2025/10/16/articulo-nuestro-director-juan-pablo-gonzalez-escribe-para-eu-cybernet/">
        <div class="post-meta">
            <span class="d-block categoria text-uppercase">
                Going on!            </span>
                        <span class="d-block fecha">octubre 16th 2025</span>
                    </div>
        <h2>Artículo | Nuestro director Juan Pablo González escribe para EU CyberNet</h2>
        <p>Nuestro director de Protección de Datos Personales, Ciberseguridad y Nuevas Tecnologías, Juan Pablo González, escribe este nuevo artículo de opinión para EU CyberNet, donde se refiere a los avances del marco regulatorio de ciberseguridad en América Latina. En el texto, nuestro director analiza el avance del marco regulatorio de ciberseguridad en América Latina y los</p>
        
    </a>
</li>                    <li class="item-post post-2176 post type-post status-publish format-standard hentry category-going-on">
    <a  href="https://www.hdgroup.cl/legal/blog/2025/10/16/articulo-nuestro-director-juan-pablo-gonzalez-escribe-para-eu-cybernet/">
        <div class="post-meta">
            <span class="d-block categoria text-uppercase">
                Going on!            </span>
                        <span class="d-block fecha">octubre 16th 2025</span>
                    </div>
        <h2>Artículo | Nuestro director Juan Pablo González escribe para EU CyberNet</h2>
        <p>Nuestro director de Protección de Datos Personales, Ciberseguridad y Nuevas Tecnologías, Juan Pablo González, escribe este nuevo artículo de opinión para EU CyberNet, donde se refiere a los avances del marco regulatorio de ciberseguridad en América Latina. En el texto, nuestro director analiza el avance del marco regulatorio de ciberseguridad en América Latina y los</p>
        
    </a>
</li>                </ul>
                    </div>
        <div class="d-flex justify-content-center">
        <a id="load-more" href="#">Load more</a>
    </div>
        
</div></div></div>
